29 + -87) - 49?
-30
Calculate (28 - 11) + -12 - (7 + 1 - 2).
-1
-7 + (-12 - -30) + (9 - -1 - 13 - -52)
60
(-5 - -4 - -4 - 9) + 60 + -50 + 43
47
What is 37 + -40 + -45 + 38?
-10
-162 - (93 + (-142 - 37))
-76
-8 + -5 - (145 + -33 + -75)
-50
Evaluate 82 - (-57 - (-231 + 74)).
-18
Calculate 732 + -652 + (-35 - -3).
48
Evaluate (4474 - 4514) + 136 + 0.
96
What is the value of -2 + (9 - (0 - 1)) + -152 + 195?
51
Calculate (-211 - -95) + 125 - (-2 + -2 + -47).
60
What is 126 + 3 - 0 - 2 - (113 - (-140 + 253))?
127
Evaluate 81 + -40 - (62 - 4).
-17
Evaluate -55 + (1 - -5) + 16 + 5 + -22.
-50
What is the value of -39 + 138 + -54 - 32?
13
What is (-21 - (-30 - -5)) + (-81 + 6 - (4 - 5))?
-70
What is 85 + 85 + -57 + (-3 - 12)?
98
What is the value of 16 + (-22 - (-102 - -60))?
36
Evaluate 62 - 0 - (-181 + 176 - (-3 - 0)).
64
Calculate -3 + 1 - -3 - (-15 + (19 - -13) + -168).
152
(14 - 2) + -2 + (30 - 21 - 53)
-34
Evaluate -1 + -94 + (40 - -83 - 104).
-76
What is the value of -78 - (38 + -64 + -3)?
-49
Evaluate 53 - (-80 + (106 - -6)).
21
What is 3 - (20 + -25 + 11) - (-1 + 1)?
-3
-3 + (44 - 58) + 4 + 77 + -5
59
Calculate (-128 - (89 - 120)) + -20.
-117
Calculate (155 - (16 - -136)) + -86 + 2.
-81
Evaluate 114 - ((80 - 48) + 7).
75
92 - (-13 - -61 - 30)
74
(-29 - -12) + -70 + 10 + -7 + 3 + -15
-96
(587 - 604) + 1 + -8 + 2 + 9 + 3
-10
What is 15 + -11 + -8 + -24?
-28
Evaluate -136 - (-340 - -194) - ((2 - (38 + -2)) + -1).
45
What is 31 + -23 - 28 - -29?
9
What is 16 - (-19 + -32 - -15)?
52
Evaluate -45 + (-8 - 3) + (-44 - -58).
-42
What is the value of 80 - 1 - (-81 + 216 + -121)?
65
What is 65 + 0 - (-12280 + 12305)?
40
What is the value of 20 - 3 - (-26 + 40 + -9) - 42?
-30
What is the value of -849 + 909 + (-8 + -8 - (-1 + -2))?
47
What is the value of -28 + -2 + 41 + (-1 - 17) - 22?
-29
Calculate (-19 - -3 - 34) + (21 - 3).
-32
What is the value of 13 + -153 - (-71 - -47)?
-116
Calculate 157 - 187 - (-14 - -2).
-18
Calculate -9 + 4 - ((15 - (0 - -1)) + (-16 - -2)).
-5
Evaluate 8 - (-39 - ((4 - 1) + 9 + -2 + -12)).
45
Calculate (16 - (-10 - -3 - -29)) + (2 - 93).
-97
What is -4 + 6 + 2 + 73 + -73?
4
What is the value of (-134 - -73) + 122 - 66?
-5
Evaluate (9 - (-7 + 35) - -13) + 34 - 0.
28
(-15 - -7 - ((-1 - 8) + 15)) + -1 + 111
96
Evaluate (52 - 204) + 97 + 127.
72
Calculate 17 - 4 - (-18 - (18 - 30)).
19
(-2 - -30) + -50 + 30 + -17
-9
What is 110 + 0 + -163 + (-308 - -420)?
59
What is (7 + -23 - 3) + (1 - -5 - 10)?
-23
What is -2 - -29 - (55 + 81 + -129)?
20
What is the value of 2 - (33 + (-17 - -3) - -31)?
-48
What is the value of 4 + (2 - -30) - (6947 - 6913)?
2
Evaluate -104 - (-30 + -90 - 4).
20
(29 - (-6 + -1 + 30)) + 0 + 20
26
What is (25 - ((-7 - -17) + -1)) + 20?
36
Evaluate -5 + 200 + -210 + -2 + -14 + -23.
-54
What is the value of (-23 - 8) + (-1 - -18) + 129?
115
Evaluate -51 - (-2 + (7 - 8 - -7) - (30 + -21)).
-46
12 + (3 + 6 - 18)
3
What is -266 + 259 + (105 - -1) - -7?
106
Evaluate 32 + (21 - 45) + -38 + -26.
-56
Evaluate ((0 - (-1 + 0)) + 48 - 0) + 217 + -218.
48
Evaluate 5 + -13 + 124 + (0 - 2) + 294 + -288.
120
Calculate 3 + (9 - 13) + 13 + (46 - 55).
3
49 + (-69 - -37) + (-6 - -27) + (-2 - -16)
52
Calculate (1 - 2 - (7 + 5 + 54 - 13)) + -1.
-55
What is 0 - (45 - (17 + 6))?
-22
Evaluate (-7 - -3) + 0 + (9 - (3 - -50)).
-48
Evaluate 18 - (15 - (-8 + -2 + 14 + 3)) - -7.
17
141 + -100 + 3 - 104
-60
(-2 + -41 - 13) + 7 + -17 - (3 + -1)
-68
4 + -11 + 8 + -8 + (61 - 0 - 2)
52
125 + (-47 - 77) + -124
-123
What is the value of 56 + -35 + -5 + -10 + -15?
-9
3 + 6 - (-31 - (-53 + 50))
37
Calculate 6 + (-2 - -2) + (-61 - (148 - 178)).
-25
What is the value of -6 + 61 + -26 + (-1 - 0)?
28
What is -12 - ((-5 - (-5 - -2)) + 3)?
-13
Calculate 1 + -1 + -16 + (20 + -4 - -32).
32
Calculate (-2 - 9) + -12 + 2 + 28.
7
What is the value of (-12 - 86 - (7 + -2)) + 24?
-79
What is the value of 3 + -1 + (26 + -16 + -8 + -13 - -72)?
63
What is 11 + 0 + -89 + -1 - (-21 + 28)?
-86
What is -32 + -68 + 54 + -58?
-104
(-53 - (-173 - -46)) + (-1 - -8)
81
Evaluate -18 - (-70 + (-1 - (-28 + 50))).
75
What is (0 - -57) + 270 + -283 - (9 + (-7 - -7))?
35
What is the value of 59 + -39 + -24 + (-46 - 1)?
-51
What is the value of (-2 - 0 - (0 - -11)) + -711 + 770?
46
Evaluate 1 - (2 + 146 + 2) - (-26291 - -26272).
-130
What is -4 + 1 + 62 - (10 + -23 - 2)?
74
Calculate (-3 - 26 - -67) + (13 - 123).
-72
Evaluate -21 + (-35 - ((-29 - -21) + -21)).
-27
Evaluate -39 - -66 - 37 - -51.
41
-111 - (-61 - 10) - (4 - -1)
-45
Calculate -8 + (9 + 9 + -6 - -20) + (-6 - -1).
19
Calculate -5 - (4 + -10) - (-25 - (-24 - -12)).
14
What is (-15 - -103) + -46 + (-28 - -46)?
60
-58 - (-60 + (-52 - -141))
-87
Evaluate -7 + 1 + (-55 - -9) + (32 + 5 - 26).
-41
What is -32 - -173 - (-16 - (-2 + -60))?
95
What is (4 - -6 - (-59 + 73)) + -21?
-25
Calculate -12 - -146 - (-60 + 62 - -28).
104
Evaluate -34 - 35 - ((5 - -7) + (-27 - -32)).
-86
23 + 1 + 6 + (-8 + -1 - 3)
18
What is the value of -193 + (87 - 33) - (20 - 3) - -17?
-139
Calculate (-1 + 8 + 14 - 10) + (-7 - 0).
4
Calculate -49 - (79 + -136 + 15).
-7
Calculate -196 + 188 + 0 + 0 - -11.
3
What is the value of (-6 - -51) + -54 - (8 + 1 + -3 + 3)?
-18
(-4 - 0 - (-188 + 193)) + 29
20
-8 + (45 + -68 + -1 + 14 - -11)
-7
-60 + (-15 + 4 - (-23 + 10 - 3))
-55
What is the value of -31 + -1 + (-1151 - -1161) + -50?
-72
What is 5 - (-2 + 0) - (-29 - (-15 - -26) - -22)?
25
What is the value of (-79 + 7 - -174 - (19 + -1)) + -11 + -1?
72
Evaluate -76 + (83 - 123) - -42.
-74
Calculate -79 - -30 - -51 - (8 + 0) - -47.
41
-15 + 25 + -2 + -4 + -11
-7
Calculate 213 + -136 - -11 - 21.
67
Evaluate -77 - (0 + 39 + (-29 - 56) + 67).
-98
What is (-1 - (4 + -3)) + 12 - (18 + (-80 - 55))?
127
Evaluate 6 + (2 + -3 - (-13 - -13)) - -42.
47
Calculate -6 + 0 - (24 + -2 + (19 - 21) + -26).
0
Evaluate -41 - (3 + -5) - (1913 + -1922).
-30
Evaluate -16 - 0 - (-444 + 393 + -12 + 0).
47
Evaluate 4 + 51 + -32 + -21.
2
68 + -1 + (23 - 100) + 52
42
0 - (12 - -12) - (98 - 9)
-113
What is the value of (-178 - -93) + 49 - (1 + -66)?
29
Evaluate (-10 - (43 + -12)) + 4.
-37
What is (-1 - (58 - -1)) + -52394 + 52419?
-35
Calculate -2 + (40 + -3 + -2 + 2 - (100 - 105)).
40
What is the value of 671 + -671 - ((4 - -5) + 84)?
-93
Calculate -8 - (-20 - (-28 - (-2 + 7)) - (0 - -7)).
-14
What is -43 + (347 - 361) + 1 + 173?
117
80 + (69 - (41 + 7))
101
What is -39 + (32 + 5 - 7) - (-2 + 3 + -94)?
84
(17 - 13) + -15 - (-67 - -21)
35
3 + 1 + 1 - (-5 - (-1 + 30))
39
Calculate 65 + (3 + -6 - -8).
70
Evaluate 94 - (10 - -9) - 125.
-50
What is the value of (33 - 0) + 3 + -11 + 21?
46
What is 51 - (-254 - -272 - (1 + 40))?
74
Evaluate 2 - -1 - -30 - (0 + 2 - (-171 + 163)).
23
Calculate 0 + 12 + (-693 - -554) + (-1 + 2 - 1).
-127
Calculate 157 - (99 - (-60 - -92)).
90
Calculate 14 - (53 + -37 - 13).
11
What is the value of 18 - (-4 + 32) - (-50 - -23)?
17
What is -9 + 6 + (-37 - (-40 + -12))?
12
Calculate 48 + 17 + -97 - (-56 + 0).
24
Evaluate (1659 - 1699) + (7 + -1 - (1 + (-2 - 0))).
-33
What is (-93 - -48) + -2 + 1 - -13?
-33
Calculate 21 - (49 + (-19 + -1 - -32)).
-40
17 + -23 - ((-6 - -21) + -32) - (-1 + -84)
96
What is the value of 30 - -8 - (609 + -595)?
24
Calculate 4 + -13 - (1 - 4 - (-90 - -108)).
12
Calculate 1 + 33 + (-104 - (-90 + -21)).
41
What is the value of -31 + 2 + -21 + 19 + -5 + 0?
-36
What is the value of -73 + (-73 - (-7 + -51)) - (-1 - (1 + -1))?
-87
Calculate 72 + -19 + (-154 - -74).
-27
What is the value of -36 + (9 + (-1 - 23) - (12 + -18))?
-45
What is the value of -34 - ((36 - 44) + -36)?
10
Evaluate -45 - (-24 - (-34 - (29 - 51))).
-33
What is -10 - (-34 - (17 + -23 + 11))?
29
Evaluate -36 - (115 - 136) - -13.
-2
What is the value of -7 + -2 - 0 - (2061 - 2096)?
26
What is the value of -13 + (84 - 42) + -38?
-9
What is 78 + -107 - (-4 - -14)?
-39
1 + -5 + 35 + -13
18
Evaluate -15 + (-10 - -1) + 21 + -18.
-21
-7 + 1 + -3 + (9 - -98) + -13 + 23
108
Calculate 3 + -38 + -4 - ((-2 - 34) + 49).
-52
93 + -109 + -37 + 14 + 1
-38
What is the value of -8 - (-129 + 62 + 95)?
-36
Calculate -52 - (-11 + (18 - 3 - 4)).
-52
Evaluate -60 - (-3 - (7 + -4 - (-62 + 77))).
-69
What is (3 - -12) + 8 + -25 + 33?
31
-32 - (27 - (-7 - -6) - 158)
98
What is -161 - -56 - (-59 - -33)?
-79
W